9) in base 10?
1245936
Convert -4526376 (base 8) to base 12.
-4b0366
What is 256406 (base 7) in base 5?
3013004
-292645 (base 10) to base 9
-485381
What is 191587 (base 10) in base 9?
321724
-22021112220002 (base 3) to base 12
-1582485
-1894788 (base 11) to base 10
-3198005
What is 25abc4 (base 13) in base 12?
37a318
1010001110111100110011 (base 2) to base 8
12167463
What is -5424876 (base 9) in base 4?
-23012133030
Convert -5220124 (base 6) to base 4.
-331121110
Convert 28cb78 (base 13) to base 15.
14b1b6
What is -12303334 (base 5) in base 2?
-11101000110110011
What is 28162 (base 11) in base 12?
1b273
-11022220012011 (base 3) to base 9
-4286164
63132 (base 15) to base 5
40023042
1320364 (base 8) to base 14
9860c
Convert 306123 (base 8) to base 12.
4a86b
-3202222031 (base 4) to base 13
-266762
Convert -b853bb (base 12) to base 11.
-170a025
-37053 (base 8) to base 9
-23743
What is -138338 (base 11) in base 16?
-34bda
-1555063 (base 7) to base 16
-34999
Convert 730205 (base 8) to base 7.
2024643
Convert -21014224 (base 5) to base 7.
-1320363
72775 (base 16) to base 14
c2c17
Convert 201212030 (base 4) to base 9.
228682
What is 959a60 (base 11) in base 8?
5667657
-320176 (base 8) to base 16
-1a07e
-4042124 (base 6) to base 9
-322687
Convert 26bc0 (base 16) to base 8.
465700
Convert -11121140 (base 5) to base 8.
-277767
1409631 (base 11) to base 4
21100321120
10221141101 (base 5) to base 7
160104561
-20233212130 (base 4) to base 13
-6233b3
What is -12120120 (base 5) in base 12?
-55a21
12b45e6 (base 16) to base 12
669a25a
-13ec61 (base 16) to base 3
-2110100002011
3267 (base 11) to base 16
10d4
What is -10002002210 (base 3) in base 2?
-1110110010100110
-72633232 (base 8) to base 14
-2093990
16726234 (base 8) to base 5
2000121222
Convert 40dc9 (base 16) to base 13.
93c05
32300112320 (base 4) to base 5
1442234323
Convert 8258307 (base 9) to base 12.
1587281
Convert -543506 (base 7) to base 9.
-154175
Convert 100210120120010 (base 3) to base 9.
10716503
-104213032 (base 5) to base 14
-bdad2
What is -2601047 (base 9) in base 4?
-11122023130
-102212302 (base 4) to base 6
-1344454
4139c (base 13) to base 9
187535
Convert 1301b4b (base 12) to base 8.
16200453
What is -25311323 (base 6) in base 5?
-202134430
Convert 9a350 (base 13) to base 15.
57c96
What is a6245 (base 15) in base 16?
80aa7
Convert 21622 (base 14) to base 7.
454342
-86882 (base 10) to base 13
-30713
What is 101100221 (base 4) in base 10?
70697
What is 410193 (base 10) in base 3?
202211200100
2b9c (base 15) to base 6
111220
69b27 (base 15) to base 14
8a977
What is 2032202124 (base 5) in base 13?
b33b46
Convert -14034001 (base 5) to base 16.
-22e99
-10002212000 (base 3) to base 15
-131a3
109914 (base 10) to base 15
22879
-121100000222 (base 3) to base 5
-40242030
1203230102 (base 4) to base 11
259877
What is 1055344 (base 6) in base 3?
2202120001
Convert -193464 (base 13) to base 4.
-2123030223
-76500 (base 10) to base 5
-4422000
What is -14a2237 (base 11) in base 9?
-4738612
-1505010 (base 6) to base 16
-1525e
What is 66c6bb (base 16) in base 13?
151aa40
Convert -114115442 (base 7) to base 9.
-14281045
Convert -10000010101101110010 (base 2) to base 15.
-a8990
What is 14435113 (base 6) in base 11?
31373a
21233000011 (base 4) to base 15
35615d
1440aa (base 13) to base 6
14333105
-31801 (base 11) to base 7
-251522
-1285870 (base 9) to base 14
-1455dd
What is 10000100011001110 (base 2) in base 3?
10102222202
Convert -12323023201 (base 5) to base 16.
-e59f67
What is 220110011212 (base 3) in base 13?
13b09b
-75b791 (base 12) to base 10
-1865629
-1bb6926 (base 12) to base 14
-b13114
What is 251036 (base 13) in base 2?
11011000101101010001
-14c3c (base 16) to base 2
-10100110000111100
What is 31244551 (base 6) in base 12?
379757
Convert 3332312 (base 6) to base 3.
22112002022
Convert 20410403 (base 5) to base 13.
5c1aa
What is 305611 (base 8) in base 12?
4a721
Convert -32c43 (base 14) to base 12.
-5b323
Convert 9119c (base 14) to base 8.
1251226
What is 73b71 (base 12) in base 7?
1202110
What is 5519a3 (base 11) in base 12?
365a01
-1c322a0 (base 14) to base 2
-110101110011100001110100
Convert -4204132 (base 5) to base 4.
-100322230
2700088 (base 9) to base 11
919196
302a55 (base 11) to base 12
1b5a65
What is 2421120 (base 5) in base 12?
22174
10423121 (base 5) to base 7
533025
What is 110111001000110110001 (base 2) in base 11?
10244a8
What is -88378 (base 10) in base 11?
-60444
cb82 (base 15) to base 3
2012010012
-21143211 (base 5) to base 2
-101011011100001011
What is 976b63 (base 12) in base 13?
65bb60
What is 16809 (base 11) in base 9?
35336
-86864 (base 12) to base 14
-48976
2112110110 (base 3) to base 4
30023310
Convert 152927 (base 11) to base 6.
5034004
What is -1021121012 (base 3) in base 4?
-12022013
Convert c69382 (base 15) to base 13.
1c5a1ba
Convert -141ef (base 16) to base 11.
-56a13
What is 262b1 (base 12) in base 11?
362a0
Convert -114f7e (base 16) to base 4.
-10110331332
What is -11220210233 (base 4) in base 7?
-15360602
What is -5404205 (base 6) in base 10?
-265325
What is 26032a (base 11) in base 14?
a9783
3b0a161 (base 12) to base 11
667a93a
Convert 2094362 (base 11) to base 3.
20220222220020
What is 10060333 (base 7) in base 2?
11001100100111101000
-10001101000010110010 (base 2) to base 9
-1070424
43110331 (base 5) to base 16
58ad0
What is 102312204 (base 5) in base 14?
b36dd
What is -427824 (base 10) in base 9?
-721770
What is 6835030 (base 10) in base 4?
122010231112
Convert -11623552 (base 8) to base 14.
-4ab1b4
What is 35540204 (base 7) in base 3?
12221011120112
a90e69 (base 15) to base 2
11110101101111110010000
What is 44316045 (base 7) in base 11?
2179868
55203335 (base 6) to base 5
410234131
Convert 87977 (base 11) to base 16.
1f282
What is -64f4e (base 16) in base 8?
-1447516
-1513104 (base 7) to base 13
-72501
What is 14640124 (base 7) in base 9?
2570734
What is -9fe24 (base 16) in base 2?
-10011111111000100100
-221112222120 (base 3) to base 9
-845876
-320022330 (base 5) to base 7
-14205502
Convert 40533300 (base 6) to base 3.
2012002201000
What is 54082 (base 15) in base 2?
1000001000111111011
What is 100001000111000111 (base 2) in base 10?
135623
What is 10001010100110110101001 (base 2) in base 10?
4541865
-1749a (base 15) to base 8
-223037
20022221201 (base 3) to base 6
2400544
Convert 2552737 (base 12) to base 7.
116153455
Convert -12d605 (base 15) to base 14.
-19819d
What is 109086 (base 12) in base 16?
40926
What is -230213010 (base 4) in base 5?
-21321344
Convert -e7db (base 16) to base 7.
-335022
Convert 2786156 (base 9) to base 16.
176523
Convert 202200 (base 4) to base 7.
6303
Convert 1210222 (base 3) to base 2.
10100101010
Convert 1846b3 (base 12) to base 16.
672e7
Convert 80d07a (base 14) to base 8.
20431304
What is 23200430 (base 5) in base 8?
631122
11320776 (base 10) to base 2
101011001011110111001000
What is 25010140 (base 6) in base 12?
323950
Convert 2ad835 (base 15) to base 3.
10220012111112
-3bb696 (base 13) to base 8
-5426452
Convert 305217 (base 9) to base 14.
49d46
What is -10000000111101001010 (base 2) in base 10?
-528202
Convert -bb447 (base 14) to base 16.
-6ebe7
-1037303 (base 8) to base 14
-73563
-9915 (base 15) to base 9
-48422
What is 100002303 (base 5) in base 16?
5f729
-10250 (base 10) to base 7
-41612
5150543 (base 9) to base 4
22133100333
Convert 5480 (base 13) to base 15.
3745
Convert 1020567 (base 8) to base 9.
452310
10535166 (base 7) to base 11
576717
What is -100111100001101100101 (base 2) in base 14?
-25a029
Convert 30331110 (base 4) to base 15.
10ad6
What is 24272 (base 8) in base 15?
3151
Convert 300132202 (base 4) to base 15.
3dc77
What is 76305 (base 13) in base 8?
641165
Convert 351000044 (base 6) to base 14.
c0b5b6
What is -2c443 (base 14) in base 4?
-123000023
What is 9d9f53 (base 16) in base 10?
10329939
Convert -2c0574 (base 13) to base 6.
-35140550
3401233411 (base 5) to base 11
4226408
1715635 (base 9) to base 6
32251352
Convert 9599 (base 13) to base 2.
101000100001000
What is -47404 (base 13) in base 10?
-130303
927b6 (base 12) to base 2
101110101011111010
Convert 51710 (base 9) to base 10.
34110
-15613162 (base 7) to base 2
-101110010001001111001
-623236 (base 7) to base 16
-1a12e
What is 10001000110001010000100